culate the remainder when 2880 is divided by 27.
18
What is the remainder when 392 is divided by 65?
2
What is the remainder when 237 is divided by 12?
9
Calculate the remainder when 155 is divided by 20.
15
What is the remainder when 10715 is divided by 23?
20
Calculate the remainder when 134 is divided by 14.
8
What is the remainder when 1346 is divided by 45?
41
What is the remainder when 1325 is divided by 170?
135
Calculate the remainder when 559 is divided by 35.
34
Calculate the remainder when 73 is divided by 17.
5
What is the remainder when 96 is divided by 14?
12
Calculate the remainder when 2483 is divided by 23.
22
What is the remainder when 230 is divided by 58?
56
What is the remainder when 7443 is divided by 146?
143
What is the remainder when 262 is divided by 33?
31
Calculate the remainder when 44 is divided by 9.
8
Calculate the remainder when 408 is divided by 41.
39
What is the remainder when 529 is divided by 241?
47
Calculate the remainder when 41 is divided by 15.
11
Calculate the remainder when 1770 is divided by 77.
76
Calculate the remainder when 162 is divided by 28.
22
What is the remainder when 250 is divided by 23?
20
Calculate the remainder when 194 is divided by 39.
38
What is the remainder when 69 is divided by 11?
3
What is the remainder when 461 is divided by 130?
71
Calculate the remainder when 776 is divided by 96.
8
Calculate the remainder when 221 is divided by 15.
11
What is the remainder when 89 is divided by 61?
28
What is the remainder when 10974 is divided by 49?
47
What is the remainder when 622 is divided by 78?
76
What is the remainder when 7283 is divided by 662?
1
Calculate the remainder when 555 is divided by 115.
95
What is the remainder when 256 is divided by 8?
0
What is the remainder when 294 is divided by 73?
2
What is the remainder when 623 is divided by 58?
43
Calculate the remainder when 410 is divided by 132.
14
What is the remainder when 521 is divided by 105?
101
What is the remainder when 688 is divided by 141?
124
What is the remainder when 1016 is divided by 227?
108
Calculate the remainder when 151 is divided by 90.
61
What is the remainder when 22916 is divided by 40?
36
Calculate the remainder when 1046 is divided by 35.
31
Calculate the remainder when 478 is divided by 20.
18
What is the remainder when 325 is divided by 41?
38
Calculate the remainder when 1475 is divided by 73.
15
Calculate the remainder when 115 is divided by 37.
4
What is the remainder when 256 is divided by 33?
25
Calculate the remainder when 652 is divided by 32.
12
Calculate the remainder when 514 is divided by 170.
4
What is the remainder when 22 is divided by 11?
0
What is the remainder when 11828 is divided by 136?
132
Calculate the remainder when 10599 is divided by 171.
168
What is the remainder when 346 is divided by 14?
10
Calculate the remainder when 123 is divided by 42.
39
Calculate the remainder when 6692 is divided by 62.
58
What is the remainder when 2156 is divided by 108?
104
Calculate the remainder when 3710 is divided by 618.
2
Calculate the remainder when 7120 is divided by 81.
73
Calculate the remainder when 15434 is divided by 62.
58
What is the remainder when 1967 is divided by 392?
7
Calculate the remainder when 1112 is divided by 7.
6
What is the remainder when 39 is divided by 12?
3
What is the remainder when 142 is divided by 140?
2
What is the remainder when 235 is divided by 50?
35
Calculate the remainder when 6 is divided by 6.
0
Calculate the remainder when 1747 is divided by 143.
31
What is the remainder when 117 is divided by 36?
9
What is the remainder when 119 is divided by 8?
7
What is the remainder when 390 is divided by 119?
33
What is the remainder when 344 is divided by 23?
22
Calculate the remainder when 289 is divided by 89.
22
Calculate the remainder when 183 is divided by 48.
39
Calculate the remainder when 536 is divided by 45.
41
Calculate the remainder when 57 is divided by 20.
17
Calculate the remainder when 112 is divided by 60.
52
What is the remainder when 4585 is divided by 148?
145
Calculate the remainder when 1502 is divided by 8.
6
Calculate the remainder when 46 is divided by 7.
4
What is the remainder when 134 is divided by 128?
6
Calculate the remainder when 1117 is divided by 51.
46
What is the remainder when 148 is divided by 80?
68
What is the remainder when 1486 is divided by 48?
46
Calculate the remainder when 76 is divided by 20.
16
Calculate the remainder when 274 is divided by 12.
10
What is the remainder when 1209 is divided by 379?
72
Calculate the remainder when 944 is divided by 63.
62
Calculate the remainder when 59 is divided by 38.
21
Calculate the remainder when 92 is divided by 14.
8
Calculate the remainder when 498 is divided by 155.
33
What is the remainder when 23 is divided by 12?
11
Calculate the remainder when 38 is divided by 8.
6
What is the remainder when 5122 is divided by 34?
22
Calculate the remainder when 95 is divided by 47.
1
Calculate the remainder when 237 is divided by 15.
12
Calculate the remainder when 191 is divided by 49.
44
What is the remainder when 132 is divided by 9?
6
Calculate the remainder when 4614 is divided by 307.
9
Calculate the remainder when 567 is divided by 8.
7
Calculate the remainder when 4721 is divided by 163.
157
What is the remainder when 3541 is divided by 161?
160
Calculate the remainder when 1126 is divided by 370.
16
Calculate the remainder when 136 is divided by 23.
21
What is the remainder when 517 is divided by 252?
13
What is the remainder when 75 is divided by 8?
3
What is the remainder when 251 is divided by 43?
36
Calculate the remainder when 122 is divided by 64.
58
Calculate the remainder when 4803 is divided by 2399.
5
Calculate the remainder when 1360 is divided by 9.
1
What is the remainder when 151 is divided by 17?
15
What is the remainder when 26 is divided by 3?
2
What is the remainder when 237 is divided by 19?
9
Calculate the remainder when 27 is divided by 7.
6
Calculate the remainder when 110 is divided by 45.
20
Calculate the remainder when 32627 is divided by 67.
65
Calculate the remainder when 142 is divided by 73.
69
Calculate the remainder when 50 is divided by 11.
6
Calculate the remainder when 599 is divided by 39.
14
What is the remainder when 167 is divided by 24?
23
Calculate the remainder when 9509 is divided by 232.
229
Calculate the remainder when 7457 is divided by 18.
5
Calculate the remainder when 36 is divided by 8.
4
Calculate the remainder when 513 is divided by 255.
3
Calculate the remainder when 529 is divided by 282.
247
Calculate the remainder when 25 is divided by 8.
1
Calculate the remainder when 372 is divided by 32.
20
What is the remainder when 271 is divided by 168?
103
What is the remainder when 1709 is divided by 143?
136
What is the remainder when 134 is divided by 26?
4
What is the remainder when 2517 is divided by 63?
60
What is the remainder when 235 is divided by 35?
25
What is the remainder when 135 is divided by 62?
11
Calculate the remainder when 577 is divided by 125.
77
What is the remainder when 1527 is divided by 157?
114
Calculate the remainder when 152 is divided by 60.
32
What is the remainder when 137 is divided by 12?
5
What is the remainder when 2322 is divided by 25?
22
Calculate the remainder when 671 is divided by 28.
27
Calculate the remainder when 459 is divided by 28.
11
Calculate the remainder when 97 is divided by 15.
7
What is the remainder when 214 is divided by 49?
18
Calculate the remainder when 430 is divided by 8.
6
Calculate the remainder when 6047 is divided by 224.
223
What is the remainder when 131 is divided by 17?
12
Calculate the remainder when 174 is divided by 8.
6
Calculate the remainder when 3355 is divided by 23.
20
What is the remainder when 190 is divided by 62?
4
Calculate the remainder when 100 is divided by 3.
1
What is the remainder when 391 is divided by 68?
51
Calculate the remainder when 456 is divided by 23.
19
What is the remainder when 222 is divided by 45?
42
What is the remainder when 136 is divided by 32?
8
What is the remainder when 254 is divided by 54?
38
Calculate the remainder when 195 is divided by 47.
7
Calculate the remainder when 629 is divided by 306.
17
Calculat